 the prime factors of 580.
2, 5, 29
What are the prime factors of 2362?
2, 1181
What are the prime factors of 4891?
67, 73
List the prime factors of 4025.
5, 7, 23
List the prime factors of 96870.
2, 3, 5, 3229
List the prime factors of 5843.
5843
List the prime factors of 79076.
2, 53, 373
What are the prime factors of 727?
727
What are the prime factors of 2418?
2, 3, 13, 31
List the prime factors of 375.
3, 5
What are the prime factors of 7193?
7193
List the prime factors of 999.
3, 37
List the prime factors of 27542.
2, 47, 293
What are the prime factors of 75180?
2, 3, 5, 7, 179
What are the prime factors of 6876?
2, 3, 191
List the prime factors of 329.
7, 47
List the prime factors of 23936.
2, 11, 17
What are the prime factors of 39194?
2, 19597
List the prime factors of 1161.
3, 43
What are the prime factors of 430?
2, 5, 43
What are the prime factors of 23877?
3, 7, 379
What are the prime factors of 24293?
17, 1429
What are the prime factors of 25845?
3, 5, 1723
What are the prime factors of 12979?
12979
What are the prime factors of 2503?
2503
What are the prime factors of 19338?
2, 3, 11, 293
List the prime factors of 60907.
7, 11, 113
List the prime factors of 3371.
3371
List the prime factors of 3146.
2, 11, 13
List the prime factors of 38300.
2, 5, 383
List the prime factors of 793.
13, 61
List the prime factors of 103.
103
What are the prime factors of 39767?
7, 13, 19, 23
What are the prime factors of 124?
2, 31
What are the prime factors of 2748?
2, 3, 229
List the prime factors of 34031.
34031
List the prime factors of 441.
3, 7
List the prime factors of 339.
3, 113
List the prime factors of 5875.
5, 47
What are the prime factors of 1107?
3, 41
What are the prime factors of 324?
2, 3
What are the prime factors of 1402?
2, 701
List the prime factors of 2317.
7, 331
List the prime factors of 175.
5, 7
List the prime factors of 5794.
2, 2897
List the prime factors of 73872.
2, 3, 19
What are the prime factors of 93751?
7, 59, 227
List the prime factors of 46834.
2, 23417
List the prime factors of 567.
3, 7
List the prime factors of 4887.
3, 181
What are the prime factors of 13799?
13799
What are the prime factors of 43918?
2, 7, 3137
What are the prime factors of 2380?
2, 5, 7, 17
List the prime factors of 1643.
31, 53
What are the prime factors of 14202?
2, 3, 263
List the prime factors of 131.
131
What are the prime factors of 31784?
2, 29, 137
What are the prime factors of 16944?
2, 3, 353
List the prime factors of 375.
3, 5
What are the prime factors of 87241?
7, 11, 103
What are the prime factors of 134598?
2, 3, 22433
List the prime factors of 121207.
61, 1987
What are the prime factors of 82148?
2, 11, 1867
What are the prime factors of 214?
2, 107
List the prime factors of 1383.
3, 461
List the prime factors of 1377.
3, 17
List the prime factors of 300.
2, 3, 5
What are the prime factors of 1078?
2, 7, 11
What are the prime factors of 23170?
2, 5, 7, 331
What are the prime factors of 11237?
17, 661
What are the prime factors of 12617?
11, 31, 37
What are the prime factors of 40724?
2, 10181
List the prime factors of 6768.
2, 3, 47
List the prime factors of 60574.
2, 31, 977
List the prime factors of 29373.
3, 9791
List the prime factors of 289.
17
What are the prime factors of 9373?
7, 13, 103
What are the prime factors of 733?
733
What are the prime factors of 2754?
2, 3, 17
What are the prime factors of 19944?
2, 3, 277
What are the prime factors of 52538?
2, 109, 241
List the prime factors of 2264.
2, 283
What are the prime factors of 27804?
2, 3, 7, 331
List the prime factors of 31654.
2, 7, 17, 19
List the prime factors of 14809.
59, 251
What are the prime factors of 26243?
7, 23, 163
List the prime factors of 21774.
2, 3, 19, 191
What are the prime factors of 4512?
2, 3, 47
What are the prime factors of 37587?
3, 11, 17, 67
What are the prime factors of 1588?
2, 397
List the prime factors of 39266.
2, 29, 677
List the prime factors of 1189.
29, 41
What are the prime factors of 697?
17, 41
What are the prime factors of 49598?
2, 24799
What are the prime factors of 1070?
2, 5, 107
List the prime factors of 213.
3, 71
List the prime factors of 997.
997
What are the prime factors of 89893?
241, 373
What are the prime factors of 3892?
2, 7, 139
List the prime factors of 5885.
5, 11, 107
List the prime factors of 6064.
2, 379
List the prime factors of 706.
2, 353
What are the prime factors of 1215?
3, 5
List the prime factors of 14110.
2, 5, 17, 83
What are the prime factors of 47967?
3, 59, 271
What are the prime factors of 17273?
23, 751
List the prime factors of 15841.
7, 31, 73
What are the prime factors of 29064?
2, 3, 7, 173
List the prime factors of 56765.
5, 11353
What are the prime factors of 7362?
2, 3, 409
List the prime factors of 12984.
2, 3, 541
List the prime factors of 811.
811
List the prime factors of 1312.
2, 41
What are the prime factors of 2579?
2579
What are the prime factors of 28317?
3, 9439
List the prime factors of 1035.
3, 5, 23
List the prime factors of 3524.
2, 881
What are the prime factors of 1961?
37, 53
List the prime factors of 3069.
3, 11, 31
List the prime factors of 15150.
2, 3, 5, 101
What are the prime factors of 10286?
2, 37, 139
What are the prime factors of 2027?
2027
What are the prime factors of 8392?
2, 1049
What are the prime factors of 1773?
3, 197
What are the prime factors of 45336?
2, 3, 1889
What are the prime factors of 2011?
2011
What are the prime factors of 764?
2, 191
List the prime factors of 1015.
5, 7, 29
List the prime factors of 10046.
2, 5023
What are the prime factors of 3258?
2, 3, 181
What are the prime factors of 31088?
2, 29, 67
List the prime factors of 178484.
2, 44621
What are the prime factors of 19989?
3, 2221
List the prime factors of 318.
2, 3, 53
What are the prime factors of 922?
2, 461
List the prime factors of 1006.
2, 503
What are the prime factors of 1024?
2
What are the prime factors of 12676?
2, 3169
List the prime factors of 24084.
2, 3, 223
What are the prime factors of 19742?
2, 9871
List the prime factors of 15730.
2, 5, 11, 13
What are the prime factors of 1611?
3, 179
What are the prime factors of 1132?
2, 283
What are the prime factors of 10770?
2, 3, 5, 359
What are the prime factors of 13840?
2, 5, 173
What are the prime factors of 16213?
31, 523
List the prime factors of 3290.
2, 5, 7, 47
List the prime factors of 3279.
3, 1093
List the prime factors of 1965.
3, 5, 131
What are the prime factors of 307?
307
What are the prime factors of 60121?
59, 1019
List the prime factors of 1736.
2, 7, 31
What are the prime factors of 878?
2, 439
List the prime factors of 10932.
2, 3, 911
What are the prime factors of 11885?
5, 2377
What are the prime factors of 1173?
3, 17, 23
List the prime factors of 20464.
2, 1279
List the prime factors of 49374.
2, 3, 13, 211
What are the prime factors of 29495?
5, 17, 347
What are the prime factors of 3957?
3, 1319
What are the prime factors of 150923?
37, 4079
What are the prime factors of 867?
3, 17
List the prime factors of 3125.
5
List the prime factors of 2016.
2, 3, 7
List the prime factors of 9249.
3, 3083
What are the prime factors of 6125?
5, 7
List the prime factors of 92213.
11, 83, 101
List the prime factors of 495.
3, 5, 11
What are the prime factors of 6073?
6073
List the prime factors of 94814.
2, 47407
List the prime factors of 72433.
113, 641
List the prime factors of 8194.
2, 17, 241
What are the prime factors of 1045?
5, 11, 19
List the prime factors of 21.
3, 7
What are the prime factors of 39843?
3, 19, 233
List the prime factors of 39602.
2, 19801
List the prime factors of 13473.
3, 499
What are the prime factors of 25850?
2, 5, 11, 47
What are the prime factors of 24818?
2, 12409
What are the prime factors of 27182?
2, 13591
List the prime factors of 43708.
2, 7, 223
List the prime factors of 13214.
2, 6607
List the prime factors of 33704.
2, 11, 383
List the prime factors of 762.
2, 3, 127
List the prime factors of 2750.
2, 5, 11
List the prime factors of 849.
3, 283
What are the prime factors of 11291?
7, 1613
What are the prime factors of 134156?
2, 11, 3049
List the prime factors of 4261.
4261
List the prime factors of 14095.
5, 2819
What are the prime factors of 4355?
5, 